{"id":323,"date":"2015-09-22T06:34:00","date_gmt":"2015-09-22T06:34:00","guid":{"rendered":"http:\/\/katolicka-gimnazija.hr\/?page_id=323"},"modified":"2023-01-26T12:26:19","modified_gmt":"2023-01-26T12:26:19","slug":"osnivanje-skole","status":"publish","type":"page","link":"https:\/\/katolicka-gimnazija.hr\/index.php\/o-skoli\/osnivanje-skole\/","title":{"rendered":"Osnivanje \u0161kole"},"content":{"rendered":"<p>Katoli\u010dka gimnazija u Po\u017eegi pronalazi svoje korijene u dugoj i bogatoj duhovnoj ba\u0161tini Katoli\u010dke Crkve na ovim prostorima lijepe na\u0161e Domovine u kojoj ima zna\u010dajno mjesto i slu\u017eenje na podru\u010dju odgoja i obrazovanja.<\/p>\n<p>Iz analize stanja \u0161kolstva na podru\u010dju Po\u017ee\u0161ke biskupije, posebno srednjo\u0161kolskog, proizlazi da mladi na\u0161e biskupije nisu imali iste mogu\u0107nosti glede svoga humanisti\u010dkog obrazovanja kao njihovi vr\u0161njaci u drugim dijelovima Hrvatske.<\/p>\n<p>Statisti\u010dki pregled katoli\u010dkih gimnazija kazuje da ih u Dalmaciji, Primorju i Istri ima \u0161est (Dubrovnik, Split, Sinj, Zadar, Rijeka i Pazin), a na sjeveru Hrvatske, s puno ve\u0107im brojem stanovni\u0161tva, \u010detiri (Zagreb, Osijek i Slavonski Brod). Na podru\u010dju na\u0161e Biskupije nije bilo niti jedne. Ve\u0107ina tih \u0161kola su klasi\u010dne gimnazije.<\/p>\n<p>Prednost klasi\u010dne i op\u0107e naobrazbe u katoli\u010dkoj \u0161koli sastoji se u tome \u0161to ona pru\u017ea mogu\u0107nost naj\u0161ireg upoznavanja judeo-kr\u0161\u0107anske, gr\u010dke i rimske civilizacije kao temelja europske uljudbe te doprinosi razumijevanju kr\u0161\u0107anstva i humanizma kao op\u0107eeuropskih vrijednosti.<\/p>\n<p>Na\u0161a Gimnazija osnovana je 2007. g., o desetoj obljetnici Biskupije (1997. \u20132007.) te je svojim klasi\u010dnim programom i usmjerenjem po\u017ee\u0161kom \u0161kolstvu dala onu potrebnu \u0161irinu koju zavrje\u0111uju mladi na\u0161ega kraja.<\/p>\n<p>Pojmovno zna\u010denje prvotnoga naziva \u0160kole<em> Katoli\u010dka klasi\u010dna gimnazija<\/em>:<\/p>\n<ul>\n<li>pojam <em>katoli\u010dka<\/em>: ukazuje na Osniva\u010da, Po\u017ee\u0161ku biskupiju, ali i utemeljenost me\u0111usobnih odnosa unutar \u0160kole na evan\u0111eoskim na\u010delima,<\/li>\n<li>pojam <em>klasi\u010dna<\/em>: ozna\u010dava usmjerenje gimnazije koje je klasi\u010dno, s klasi\u010dnim jezicima (latinski i gr\u010dki jezik s knji\u017eevno\u0161\u0107u), a koje poma\u017ee u cjelovitijem poznavanju europske i hrvatske tradicije i kulturne ba\u0161tine,<\/li>\n<li>pojam<em> gimnazija<\/em>: ozna\u010dava sadr\u017eaj i \u0161irinu obrazovnog programa kao osnove za daljnji studij koji daje naj\u0161iru op\u0107u naobrazbu u hrvatskom srednjem \u0161kolstvu.<\/li>\n<\/ul>\n<p>U travnju 2013. godine Osniva\u010d mijenja naziv \u0160kole u <em>Katoli\u010dka gimnazija s pravom javnosti<\/em> budu\u0107i je prethodne godine novim generacijama omogu\u0107ila izbor op\u0107eg gimnazijskog usmjerenja.<\/p>\n<p>&nbsp;<\/p>\n<p>O djelovanju Po\u017ee\u0161ke biskupije na odgojno-obrazovnom podru\u010dju mo\u017eete pro\u010ditati <strong><a href=\"http:\/\/katolicka-gimnazija.hr\/wp-content\/uploads\/2023\/01\/Djelovanje-Pozeske-biskupije-na-odgojno-obrazovnom-podrucju.pdf\">ovdje.<\/a><\/strong><\/p>\n","protected":false},"excerpt":{"rendered":"<p>Katoli\u010dka gimnazija u Po\u017eegi pronalazi svoje korijene u dugoj i bogatoj duhovnoj ba\u0161tini Katoli\u010dke Crkve na ovim prostorima lijepe na\u0161e Domovine u kojoj ima zna\u010dajno mjesto i slu\u017eenje na podru\u010dju odgoja i obrazovanja. Iz analize stanja \u0161kolstva na podru\u010dju Po\u017ee\u0161ke biskupije, posebno srednjo\u0161kolskog, proizlazi da mladi na\u0161e biskupije nisu imali iste mogu\u0107nosti glede svoga humanisti\u010dkog [&hellip;]<\/p>\n","protected":false},"author":1,"featured_media":0,"parent":6,"menu_order":0,"comment_status":"closed","ping_status":"closed","template":"","meta":{"footnotes":""},"class_list":["post-323","page","type-page","status-publish","hentry"],"_links":{"self":[{"href":"https:\/\/katolicka-gimnazija.hr\/index.php\/wp-json\/wp\/v2\/pages\/323","targetHints":{"allow":["GET"]}}],"collection":[{"href":"https:\/\/katolicka-gimnazija.hr\/index.php\/wp-json\/wp\/v2\/pages"}],"about":[{"href":"https:\/\/katolicka-gimnazija.hr\/index.php\/wp-json\/wp\/v2\/types\/page"}],"author":[{"embeddable":true,"href":"https:\/\/katolicka-gimnazija.hr\/index.php\/wp-json\/wp\/v2\/users\/1"}],"replies":[{"embeddable":true,"href":"https:\/\/katolicka-gimnazija.hr\/index.php\/wp-json\/wp\/v2\/comments?post=323"}],"version-history":[{"count":4,"href":"https:\/\/katolicka-gimnazija.hr\/index.php\/wp-json\/wp\/v2\/pages\/323\/revisions"}],"predecessor-version":[{"id":27849,"href":"https:\/\/katolicka-gimnazija.hr\/index.php\/wp-json\/wp\/v2\/pages\/323\/revisions\/27849"}],"up":[{"embeddable":true,"href":"https:\/\/katolicka-gimnazija.hr\/index.php\/wp-json\/wp\/v2\/pages\/6"}],"wp:attachment":[{"href":"https:\/\/katolicka-gimnazija.hr\/index.php\/wp-json\/wp\/v2\/media?parent=323"}],"curies":[{"name":"wp","href":"https:\/\/api.w.org\/{rel}","templated":true}]}}

Osnivanje škole

<p>Katolička gimnazija u Požegi pronalazi svoje korijene u dugoj i bogatoj duhovnoj baštini Katoličke Crkve na ovim prostorima lijepe naše Domovine u kojoj ima značajno mjesto i služenje na području odgoja i obrazovanja.</p>
<p>Iz analize stanja školstva na području Požeške biskupije, posebno srednjoškolskog, proizlazi da mladi naše biskupije nisu imali iste mogućnosti glede svoga humanističkog obrazovanja kao njihovi vršnjaci u drugim dijelovima Hrvatske.</p>
<p>Statistički pregled katoličkih gimnazija kazuje da ih u Dalmaciji, Primorju i Istri ima šest (Dubrovnik, Split, Sinj, Zadar, Rijeka i Pazin), a na sjeveru Hrvatske, s puno većim brojem stanovništva, četiri (Zagreb, Osijek i Slavonski Brod). Na području naše Biskupije nije bilo niti jedne. Većina tih škola su klasične gimnazije.</p>
<p>Prednost klasične i opće naobrazbe u katoličkoj školi sastoji se u tome što ona pruža mogućnost najšireg upoznavanja judeo-kršćanske, grčke i rimske civilizacije kao temelja europske uljudbe te doprinosi razumijevanju kršćanstva i humanizma kao općeeuropskih vrijednosti.</p>
<p>Naša Gimnazija osnovana je 2007. g., o desetoj obljetnici Biskupije (1997. –2007.) te je svojim klasičnim programom i usmjerenjem požeškom školstvu dala onu potrebnu širinu koju zavrjeđuju mladi našega kraja.</p>
<p>Pojmovno značenje prvotnoga naziva Škole<em> Katolička klasična gimnazija</em>:</p>
<ul>
<li>pojam <em>katolička</em>: ukazuje na Osnivača, Požešku biskupiju, ali i utemeljenost međusobnih odnosa unutar Škole na evanđeoskim načelima,</li>
<li>pojam <em>klasična</em>: označava usmjerenje gimnazije koje je klasično, s klasičnim jezicima (latinski i grčki jezik s književnošću), a koje pomaže u cjelovitijem poznavanju europske i hrvatske tradicije i kulturne baštine,</li>
<li>pojam<em> gimnazija</em>: označava sadržaj i širinu obrazovnog programa kao osnove za daljnji studij koji daje najširu opću naobrazbu u hrvatskom srednjem školstvu.</li>
</ul>
<p>U travnju 2013. godine Osnivač mijenja naziv Škole u <em>Katolička gimnazija s pravom javnosti</em> budući je prethodne godine novim generacijama omogućila izbor općeg gimnazijskog usmjerenja.</p>
<p>&nbsp;</p>
<p>O djelovanju Požeške biskupije na odgojno-obrazovnom području možete pročitati <strong><a href="http://katolicka-gimnazija.hr/wp-content/uploads/2023/01/Djelovanje-Pozeske-biskupije-na-odgojno-obrazovnom-podrucju.pdf">ovdje.</a></strong></p>

<p>Katolička gimnazija u Požegi pronalazi svoje korijene u dugoj i bogatoj duhovnoj baštini Katoličke Crkve na ovim prostorima lijepe naše Domovine u kojoj ima značajno mjesto i služenje na području odgoja i obrazovanja. Iz analize stanja školstva na području Požeške biskupije, posebno srednjoškolskog, proizlazi da mladi naše biskupije nisu imali iste mogućnosti glede svoga humanističkog [&hellip;]</p>
