{"id":325,"date":"2015-09-22T06:34:43","date_gmt":"2015-09-22T06:34:43","guid":{"rendered":"http:\/\/katolicka-gimnazija.hr\/?page_id=325"},"modified":"2015-09-22T06:34:43","modified_gmt":"2015-09-22T06:34:43","slug":"nastavni-plan-i-program","status":"publish","type":"page","link":"https:\/\/katolicka-gimnazija.hr\/index.php\/o-skoli\/nastavni-plan-i-program\/","title":{"rendered":"Nastavni plan i program"},"content":{"rendered":"<p>Nastavni plan i program \u0160kole uskla\u0111en je sa zakonima Republike Hrvatske te se po zavr\u0161etku srednjeg \u0161kolovanja svaki u\u010denik mo\u017ee uspje\u0161no upisati na fakultete u Hrvatskoj i inozemstvu. Osim toga, ne postoje nikakve smetnje za prijelaz, tijekom \u0161kolovanja, iz klasi\u010dne u op\u0107u gimnaziju.<\/p>\n<p>Poseban naglasak imaju pojedini predmeti:<\/p>\n<ul>\n<li><em>vjeronauk<\/em> zbog vjerskog karaktera \u0161kole u kojem bi vladalo posebno ozra\u010dje me\u0111usobnog odnosa i odnosa prema predmetima u evan\u0111eoskom duhu,<\/li>\n<li><em>latinski jezik<\/em> osnova je ostalim europskim jezicima, a bio je i stoljetni slu\u017ebeni jezik hrvatske pro\u0161losti; zato \u0107e se posebno njegovati u na\u0161oj \u0161koli,<\/li>\n<li><em>gr\u010dki jezik<\/em> tako\u0111er je bitna oznaka \u0161kole koji uz latinski jezik daje jednu drugu dimenziju klasi\u010dne naobrazbe\u00a0 usmjerenjima koja biraju klasi\u010dni program.<\/li>\n<\/ul>\n<p>Svaki polaznik ove \u0161kole, stje\u010du\u0107i humanisti\u010dku i klasi\u010dnu naobrazbu, naravno uz predani pristup radu, uspje\u0161no \u0107e mo\u0107i nastaviti svoju izobrazbu bilo u prirodnim ili dru\u0161tvenim znanostima.<\/p>\n<p>Kao uostalom i sve gimnazije, i na\u0161a daje naj\u0161iru op\u0107u naobrazbu u hrvatskom srednjem \u0161kolstvu (dru\u0161tveno humanisti\u010dke znanosti, prirodoslovlje i matematika, jezici).\u00a0 Razlikuje se od njih u jednoj bitnoj to\u010dki: ona je povezana s Evan\u0111eljem u kojem crpi nadahnu\u0107e i snagu.<\/p>\n<p>U programu ove \u0161kole naglasak je stavljen na one sadr\u017eaje koji se odnose na kulturno ujedinjenu i jedinstvenu Europu sa zajedni\u010dkom rimsko-anti\u010dkom kulturnom tradicijom, zajedni\u010dkim duhovnim svijetom kr\u0161\u0107anstva te zajedni\u010dkim srednjovjekovnim latinskim jezikom. Zbog toga je potrebno poznavanje klasi\u010dnih jezika te su u obrazovnom programu klasi\u010dnog usmjerenja obvezni predmeti latinski i gr\u010dki jezik s knji\u017eevno\u0161\u0107u kroz sve \u010detiri godine, a u programu op\u0107e gimnazije latinski jezik prve dvije godine. Time se stje\u010de zna\u010dajna prednost za studij onih znanstvenih disciplina koje se bave istra\u017eivanjem europske i hrvatske znanstvene i kulturne ba\u0161tine.<\/p>\n<p>Hrvatski jezik i knji\u017eevnost te moderni strani jezici zastupljeni su u jednakoj mjeri kao i u op\u0107oj gimnaziji. Dru\u0161tveno humanisti\u010dke znanosti, prirodoslovlje i matematika ravnomjerno slijede jezi\u010dnu skupinu predmeta tako da ovaj program daje naj\u0161iru op\u0107u naobrazbu u hrvatskom srednjem \u0161kolstvu. Uz skupinu predmeta koji se izvode izborno i fakultativno, ovaj je program blizak programu op\u0107e gimnazije te je jednako tako kao i nakon zavr\u0161etka op\u0107e gimnazije mogu\u0107e uspje\u0161no upisati i studirati na velikom broju fakulteta u Hrvatskoj i izvan nje.<\/p>\n<p>Zahvalni smo Bogu \u0161to na\u0161a \u0161kola mo\u017ee doprinijeti novom duhovnom i intelektualnom ozra\u010dju na podru\u010dju zapadne i srednje Slavonije te pru\u017eiti mladim ljudima mogu\u0107nost \u0161ire naobrazbe i odgoja.<\/p>\n<p>Molimo Svemogu\u0107ega da blagoslovi Katoli\u010dku gimnaziju kako bi mogla slu\u017eiti \u0161to \u0161irem i temeljitijem odgoju i obrazovanju na proku\u0161anim duhovnim temeljima iz koji je izrasla europska i na\u0161a hrvatska kultura.<\/p>\n","protected":false},"excerpt":{"rendered":"<p>Nastavni plan i program \u0160kole uskla\u0111en je sa zakonima Republike Hrvatske te se po zavr\u0161etku srednjeg \u0161kolovanja svaki u\u010denik mo\u017ee uspje\u0161no upisati na fakultete u Hrvatskoj i inozemstvu. Osim toga, ne postoje nikakve smetnje za prijelaz, tijekom \u0161kolovanja, iz klasi\u010dne u op\u0107u gimnaziju. Poseban naglasak imaju pojedini predmeti: vjeronauk zbog vjerskog karaktera \u0161kole u kojem [&hellip;]<\/p>\n","protected":false},"author":1,"featured_media":0,"parent":6,"menu_order":0,"comment_status":"closed","ping_status":"closed","template":"","meta":{"footnotes":""},"class_list":["post-325","page","type-page","status-publish","hentry"],"_links":{"self":[{"href":"https:\/\/katolicka-gimnazija.hr\/index.php\/wp-json\/wp\/v2\/pages\/325","targetHints":{"allow":["GET"]}}],"collection":[{"href":"https:\/\/katolicka-gimnazija.hr\/index.php\/wp-json\/wp\/v2\/pages"}],"about":[{"href":"https:\/\/katolicka-gimnazija.hr\/index.php\/wp-json\/wp\/v2\/types\/page"}],"author":[{"embeddable":true,"href":"https:\/\/katolicka-gimnazija.hr\/index.php\/wp-json\/wp\/v2\/users\/1"}],"replies":[{"embeddable":true,"href":"https:\/\/katolicka-gimnazija.hr\/index.php\/wp-json\/wp\/v2\/comments?post=325"}],"version-history":[{"count":1,"href":"https:\/\/katolicka-gimnazija.hr\/index.php\/wp-json\/wp\/v2\/pages\/325\/revisions"}],"predecessor-version":[{"id":326,"href":"https:\/\/katolicka-gimnazija.hr\/index.php\/wp-json\/wp\/v2\/pages\/325\/revisions\/326"}],"up":[{"embeddable":true,"href":"https:\/\/katolicka-gimnazija.hr\/index.php\/wp-json\/wp\/v2\/pages\/6"}],"wp:attachment":[{"href":"https:\/\/katolicka-gimnazija.hr\/index.php\/wp-json\/wp\/v2\/media?parent=325"}],"curies":[{"name":"wp","href":"https:\/\/api.w.org\/{rel}","templated":true}]}}