{"id":464,"date":"2015-09-23T20:55:14","date_gmt":"2015-09-23T20:55:14","guid":{"rendered":"http:\/\/katolicka-gimnazija.hr\/?page_id=464"},"modified":"2015-09-23T20:55:14","modified_gmt":"2015-09-23T20:55:14","slug":"geslo-skole","status":"publish","type":"page","link":"https:\/\/katolicka-gimnazija.hr\/index.php\/o-skoli\/geslo-skole\/","title":{"rendered":"Geslo \u0161kole"},"content":{"rendered":"<p>Iznad ulaznih vrata na\u0161e \u0161kole stoji napisano: <em>Duc in altum<\/em>.\u00a0 Geslo je to \u0160kole uzeto iz petog poglavlja Lukina evan\u0111elja o susretu Isusa s \u010detvoricom ribara koje poziva da postanu njegovi u\u010denici.<\/p>\n<p>Isusov poziv upu\u0107en Petru: &#8220;Izvezi na pu\u010dinu&#8221; (lat. Duc in altum; gr\u010d. \u1f18\u03c0\u03b1\u03bd\u03ac\u03b3\u03b1\u03b3\u03b5 \u03b5\u1f30\u03c2 \u03c4\u1f78 \u03b2\u03ac\u03b8\u03bf\u03c2) zapravo je poruka svakom u\u010deniku. U slobodnom prijevodu mo\u017eemo re\u0107i: zaveslaj na pu\u010dinu \u017eivota, u visine Bo\u017eje mudrosti ili u dubine ljudske svijesti. I to bez straha za budu\u0107nost jer s Bogom smo zapo\u010deli i s njime \u017eelimo nastaviti.<\/p>\n","protected":false},"excerpt":{"rendered":"<p>Iznad ulaznih vrata na\u0161e \u0161kole stoji napisano: Duc in altum.\u00a0 Geslo je to \u0160kole uzeto iz petog poglavlja Lukina evan\u0111elja o susretu Isusa s \u010detvoricom ribara koje poziva da postanu njegovi u\u010denici. Isusov poziv upu\u0107en Petru: &#8220;Izvezi na pu\u010dinu&#8221; (lat. Duc in altum; gr\u010d. \u1f18\u03c0\u03b1\u03bd\u03ac\u03b3\u03b1\u03b3\u03b5 \u03b5\u1f30\u03c2 \u03c4\u1f78 \u03b2\u03ac\u03b8\u03bf\u03c2) zapravo je poruka svakom u\u010deniku. U slobodnom [&hellip;]<\/p>\n","protected":false},"author":1,"featured_media":0,"parent":6,"menu_order":0,"comment_status":"closed","ping_status":"closed","template":"","meta":{"footnotes":""},"class_list":["post-464","page","type-page","status-publish","hentry"],"_links":{"self":[{"href":"https:\/\/katolicka-gimnazija.hr\/index.php\/wp-json\/wp\/v2\/pages\/464","targetHints":{"allow":["GET"]}}],"collection":[{"href":"https:\/\/katolicka-gimnazija.hr\/index.php\/wp-json\/wp\/v2\/pages"}],"about":[{"href":"https:\/\/katolicka-gimnazija.hr\/index.php\/wp-json\/wp\/v2\/types\/page"}],"author":[{"embeddable":true,"href":"https:\/\/katolicka-gimnazija.hr\/index.php\/wp-json\/wp\/v2\/users\/1"}],"replies":[{"embeddable":true,"href":"https:\/\/katolicka-gimnazija.hr\/index.php\/wp-json\/wp\/v2\/comments?post=464"}],"version-history":[{"count":1,"href":"https:\/\/katolicka-gimnazija.hr\/index.php\/wp-json\/wp\/v2\/pages\/464\/revisions"}],"predecessor-version":[{"id":465,"href":"https:\/\/katolicka-gimnazija.hr\/index.php\/wp-json\/wp\/v2\/pages\/464\/revisions\/465"}],"up":[{"embeddable":true,"href":"https:\/\/katolicka-gimnazija.hr\/index.php\/wp-json\/wp\/v2\/pages\/6"}],"wp:attachment":[{"href":"https:\/\/katolicka-gimnazija.hr\/index.php\/wp-json\/wp\/v2\/media?parent=464"}],"curies":[{"name":"wp","href":"https:\/\/api.w.org\/{rel}","templated":true}]}}

Geslo škole

<p>Iznad ulaznih vrata naše škole stoji napisano: <em>Duc in altum</em>.  Geslo je to Škole uzeto iz petog poglavlja Lukina evanđelja o susretu Isusa s četvoricom ribara koje poziva da postanu njegovi učenici.</p>
<p>Isusov poziv upućen Petru: &#8220;Izvezi na pučinu&#8221; (lat. Duc in altum; grč. Ἐπανάγαγε εἰς τὸ βάθος) zapravo je poruka svakom učeniku. U slobodnom prijevodu možemo reći: zaveslaj na pučinu života, u visine Božje mudrosti ili u dubine ljudske svijesti. I to bez straha za budućnost jer s Bogom smo započeli i s njime želimo nastaviti.</p>

<p>Iznad ulaznih vrata naše škole stoji napisano: Duc in altum.  Geslo je to Škole uzeto iz petog poglavlja Lukina evanđelja o susretu Isusa s četvoricom ribara koje poziva da postanu njegovi učenici. Isusov poziv upućen Petru: &#8220;Izvezi na pučinu&#8221; (lat. Duc in altum; grč. Ἐπανάγαγε εἰς τὸ βάθος) zapravo je poruka svakom učeniku. U slobodnom [&hellip;]</p>
