{"id":6523,"date":"2016-09-09T20:51:09","date_gmt":"2016-09-09T20:51:09","guid":{"rendered":"http:\/\/katolicka-gimnazija.hr\/?page_id=6523"},"modified":"2022-01-17T09:45:13","modified_gmt":"2022-01-17T09:45:13","slug":"tv-sekcija","status":"publish","type":"page","link":"https:\/\/katolicka-gimnazija.hr\/index.php\/aktivnosti\/tv-sekcija\/","title":{"rendered":"TV sekcija"},"content":{"rendered":"<p><strong>CILJ AKTIVNOSTI<\/strong><\/p>\n<ul>\n<li>poticati u\u010deni\u010dko snimateljsko i filmsko stvarala\u0161tvo, osobito u\u010denike posebnih sklonosti, sposobnosti i kreativnosti (retorika, gluma, snimanje, montiranje, rad na ra\u010dunalu)<\/li>\n<li>pratiti, poticati i razvijati posebne audio-vizualne vrste (vijesti, intervju, reporta\u017ea, film)<\/li>\n<li>informirati ostale u\u010denike i javnost o doga\u0111ajima u \u0161koli i izvan nje,<\/li>\n<li>odr\u017eavanje \u0161kolskog tv (youtube) kanala<\/li>\n<li>pra\u0107enje va\u017enijih biskupijskih doga\u0111aja<\/li>\n<\/ul>\n<p><strong>NAMJENA<\/strong><\/p>\n<ul>\n<li>u\u010denici od 1. do 4. razreda, dobrovoljno, prema interesu u\u010denika (snimatelji, monta\u017eeri, novinari, \u2026)<\/li>\n<li>motiviranje u\u010denika koji imaju iskustvo snimateljskog i novinarskog rada u osnovnoj \u0161koli<\/li>\n<\/ul>\n<p><strong>NOSITELJI<\/strong><\/p>\n<ul>\n<li>Dominik Paveli\u0107, prof.<\/li>\n<\/ul>\n<p><strong>NA\u010cIN REALIZACIJE<\/strong><\/p>\n<ul>\n<li>dono\u0161enje detaljnog plana realizacije programa TV sekcije za \u0161kolsku godinu (formiranje sekcije, izbor uredni\u0161tva, voditelja, snimatelja, monta\u017eera, podjela zadu\u017eenja)<\/li>\n<li>sastajanje grupe, izvan nastave, u prostorima \u0160kole, jednom u tjednu, a prema potrebi i \u010de\u0161\u0107e<\/li>\n<li>odabir i obrada odgovaraju\u0107eg sadr\u017eaja<\/li>\n<li>komunikacija \u010dlanova grupe internetskom po\u0161tom<\/li>\n<\/ul>\n<p><strong>VREMENIK AKTIVNOSTI<\/strong><\/p>\n<ul>\n<li>tijekom nastavne godine<\/li>\n<li>1 sat tjedno<\/li>\n<li>35 sati godi\u0161nje<\/li>\n<\/ul>\n<hr \/>\n<p>&nbsp;<\/p>\n<p><strong>VIDEO ZAPISI<\/strong><\/p>\n<div class=\"epyt-gallery\" data-currpage=\"1\" id=\"epyt_gallery_96642\"><figure class=\"wp-block-embed wp-block-embed-youtube is-type-video is-provider-youtube epyt-figure\"><div class=\"wp-block-embed__wrapper\"><iframe loading=\"lazy\"  id=\"_ytid_89037\"  width=\"640\" height=\"360\"  data-origwidth=\"640\" data-origheight=\"360\" src=\"https:\/\/www.youtube.com\/embed\/J9x03OI0vos?enablejsapi=1&autoplay=0&cc_load_policy=0&cc_lang_pref=&iv_load_policy=1&loop=0&rel=1&fs=1&playsinline=0&autohide=2&theme=dark&color=red&controls=1&disablekb=0&\" class=\"__youtube_prefs__  no-lazyload\" title=\"YouTube player\"  data-epytgalleryid=\"epyt_gallery_96642\"  allow=\"fullscreen; accelerometer; autoplay; clipboard-write; encrypted-media; gyroscope; picture-in-picture; web-share\" referrerpolicy=\"strict-origin-when-cross-origin\" allowfullscreen data-no-lazy=\"1\" data-skipgform_ajax_framebjll=\"\"><\/iframe><\/div><\/figure><div class=\"epyt-gallery-subscribe\"><a target=\"_blank\" class=\"epyt-gallery-subbutton\" href=\"https:\/\/www.youtube.com\/channel\/UCtluuKae9Uz_iNfEMe_GN2A?sub_confirmation=1\"><img decoding=\"async\" alt=\"subscribe\" src=\"https:\/\/katolicka-gimnazija.hr\/wp-content\/plugins\/youtube-embed-plus\/images\/play-subscribe.png\" \/>Pretplati se<\/a><\/div><div class=\"epyt-gallery-list\"><div class=\"epyt-pagination \"><div tabindex=\"0\" role=\"button\" class=\"epyt-pagebutton epyt-prev  hide \" data-playlistid=\"UUtluuKae9Uz_iNfEMe_GN2A\" data-pagesize=\"3\" data-pagetoken=\"\" data-epcolumns=\"3\" data-showtitle=\"1\" data-showpaging=\"1\" data-autonext=\"0\" data-thumbplay=\"1\"><div class=\"epyt-arrow\">&laquo;<\/div> <div>Prethodna<\/div><\/div><div class=\"epyt-pagenumbers \"><div class=\"epyt-current\">1<\/div><div class=\"epyt-pageseparator\"> \/ <\/div><div class=\"epyt-totalpages\">232<\/div><\/div><div tabindex=\"0\" role=\"button\" class=\"epyt-pagebutton epyt-next\" data-playlistid=\"UUtluuKae9Uz_iNfEMe_GN2A\" data-pagesize=\"3\" data-pagetoken=\"EAAaHlBUOkNBTWlFRVkzUTBOQ1JrSTBRakJGTnpVd00wTQ\" data-epcolumns=\"3\" data-showtitle=\"1\" data-showpaging=\"1\" data-autonext=\"0\" data-thumbplay=\"1\"><div>Sljede\u0107a<\/div> <div class=\"epyt-arrow\">&raquo;<\/div><\/div><div class=\"epyt-loader\"><img loading=\"lazy\" decoding=\"async\" alt=\"loading\" width=\"16\" height=\"11\" src=\"https:\/\/katolicka-gimnazija.hr\/wp-content\/plugins\/youtube-embed-plus\/images\/gallery-page-loader.gif\"><\/div><\/div><div class=\"epyt-gallery-allthumbs  epyt-cols-3 \"><div tabindex=\"0\" role=\"button\" data-videoid=\"J9x03OI0vos\" class=\"epyt-gallery-thumb\"><div class=\"epyt-gallery-img-box\"><div class=\"epyt-gallery-img\" style=\"background-image: url(https:\/\/i.ytimg.com\/vi\/J9x03OI0vos\/hqdefault.jpg)\"><div class=\"epyt-gallery-playhover\"><img loading=\"lazy\" decoding=\"async\" alt=\"play\" class=\"epyt-play-img\" width=\"30\" height=\"23\" src=\"https:\/\/katolicka-gimnazija.hr\/wp-content\/plugins\/youtube-embed-plus\/images\/playhover.png\" data-no-lazy=\"1\" data-skipgform_ajax_framebjll=\"\" \/><div class=\"epyt-gallery-playcrutch\"><\/div><\/div><\/div><\/div><div class=\"epyt-gallery-title\">Piet Mondrian, predavanje prof. Vere \u0106u\u017ee-Abramovi\u0107<\/div><\/div><div tabindex=\"0\" role=\"button\" data-videoid=\"ZMosyJhn5Yk\" class=\"epyt-gallery-thumb\"><div class=\"epyt-gallery-img-box\"><div class=\"epyt-gallery-img\" style=\"background-image: url(https:\/\/i.ytimg.com\/vi\/ZMosyJhn5Yk\/hqdefault.jpg)\"><div class=\"epyt-gallery-playhover\"><img loading=\"lazy\" decoding=\"async\" alt=\"play\" class=\"epyt-play-img\" width=\"30\" height=\"23\" src=\"https:\/\/katolicka-gimnazija.hr\/wp-content\/plugins\/youtube-embed-plus\/images\/playhover.png\" data-no-lazy=\"1\" data-skipgform_ajax_framebjll=\"\" \/><div class=\"epyt-gallery-playcrutch\"><\/div><\/div><\/div><\/div><div class=\"epyt-gallery-title\">Vasilij Kandinski, predavanje prof. Vere \u0106u\u017ee-Abramovi\u0107<\/div><\/div><div tabindex=\"0\" role=\"button\" data-videoid=\"JvxAI-yTFDI\" class=\"epyt-gallery-thumb\"><div class=\"epyt-gallery-img-box\"><div class=\"epyt-gallery-img\" style=\"background-image: url(https:\/\/i.ytimg.com\/vi\/JvxAI-yTFDI\/hqdefault.jpg)\"><div class=\"epyt-gallery-playhover\"><img loading=\"lazy\" decoding=\"async\" alt=\"play\" class=\"epyt-play-img\" width=\"30\" height=\"23\" src=\"https:\/\/katolicka-gimnazija.hr\/wp-content\/plugins\/youtube-embed-plus\/images\/playhover.png\" data-no-lazy=\"1\" data-skipgform_ajax_framebjll=\"\" \/><div class=\"epyt-gallery-playcrutch\"><\/div><\/div><\/div><\/div><div class=\"epyt-gallery-title\">Ljudevit Gaj - ilirski pokret i hrvatski narodni preporod<\/div><\/div><div class=\"epyt-gallery-rowbreak\"><\/div><div class=\"epyt-gallery-clear\"><\/div><\/div><div class=\"epyt-pagination \"><div tabindex=\"0\" role=\"button\" class=\"epyt-pagebutton epyt-prev  hide \" data-playlistid=\"UUtluuKae9Uz_iNfEMe_GN2A\" data-pagesize=\"3\" data-pagetoken=\"\" data-epcolumns=\"3\" data-showtitle=\"1\" data-showpaging=\"1\" data-autonext=\"0\" data-thumbplay=\"1\"><div class=\"epyt-arrow\">&laquo;<\/div> <div>Prethodna<\/div><\/div><div class=\"epyt-pagenumbers \"><div class=\"epyt-current\">1<\/div><div class=\"epyt-pageseparator\"> \/ <\/div><div class=\"epyt-totalpages\">232<\/div><\/div><div tabindex=\"0\" role=\"button\" class=\"epyt-pagebutton epyt-next\" data-playlistid=\"UUtluuKae9Uz_iNfEMe_GN2A\" data-pagesize=\"3\" data-pagetoken=\"EAAaHlBUOkNBTWlFRVkzUTBOQ1JrSTBRakJGTnpVd00wTQ\" data-epcolumns=\"3\" data-showtitle=\"1\" data-showpaging=\"1\" data-autonext=\"0\" data-thumbplay=\"1\"><div>Sljede\u0107a<\/div> <div class=\"epyt-arrow\">&raquo;<\/div><\/div><div class=\"epyt-loader\"><img loading=\"lazy\" decoding=\"async\" alt=\"loading\" width=\"16\" height=\"11\" src=\"https:\/\/katolicka-gimnazija.hr\/wp-content\/plugins\/youtube-embed-plus\/images\/gallery-page-loader.gif\"><\/div><\/div><\/div><\/div>\n","protected":false},"excerpt":{"rendered":"<p>CILJ AKTIVNOSTI poticati u\u010deni\u010dko snimateljsko i filmsko stvarala\u0161tvo, osobito u\u010denike posebnih sklonosti, sposobnosti i kreativnosti (retorika, gluma, snimanje, montiranje, rad na ra\u010dunalu) pratiti, poticati i razvijati posebne audio-vizualne vrste (vijesti, intervju, reporta\u017ea, film) informirati ostale u\u010denike i javnost o doga\u0111ajima u \u0161koli i izvan nje, odr\u017eavanje \u0161kolskog tv (youtube) kanala pra\u0107enje va\u017enijih biskupijskih doga\u0111aja NAMJENA [&hellip;]<\/p>\n","protected":false},"author":1,"featured_media":15851,"parent":557,"menu_order":0,"comment_status":"closed","ping_status":"closed","template":"","meta":{"footnotes":""},"class_list":["post-6523","page","type-page","status-publish","has-post-thumbnail","hentry"],"_links":{"self":[{"href":"https:\/\/katolicka-gimnazija.hr\/index.php\/wp-json\/wp\/v2\/pages\/6523","targetHints":{"allow":["GET"]}}],"collection":[{"href":"https:\/\/katolicka-gimnazija.hr\/index.php\/wp-json\/wp\/v2\/pages"}],"about":[{"href":"https:\/\/katolicka-gimnazija.hr\/index.php\/wp-json\/wp\/v2\/types\/page"}],"author":[{"embeddable":true,"href":"https:\/\/katolicka-gimnazija.hr\/index.php\/wp-json\/wp\/v2\/users\/1"}],"replies":[{"embeddable":true,"href":"https:\/\/katolicka-gimnazija.hr\/index.php\/wp-json\/wp\/v2\/comments?post=6523"}],"version-history":[{"count":3,"href":"https:\/\/katolicka-gimnazija.hr\/index.php\/wp-json\/wp\/v2\/pages\/6523\/revisions"}],"predecessor-version":[{"id":24520,"href":"https:\/\/katolicka-gimnazija.hr\/index.php\/wp-json\/wp\/v2\/pages\/6523\/revisions\/24520"}],"up":[{"embeddable":true,"href":"https:\/\/katolicka-gimnazija.hr\/index.php\/wp-json\/wp\/v2\/pages\/557"}],"wp:featuredmedia":[{"embeddable":true,"href":"https:\/\/katolicka-gimnazija.hr\/index.php\/wp-json\/wp\/v2\/media\/15851"}],"wp:attachment":[{"href":"https:\/\/katolicka-gimnazija.hr\/index.php\/wp-json\/wp\/v2\/media?parent=6523"}],"curies":[{"name":"wp","href":"https:\/\/api.w.org\/{rel}","templated":true}]}}