{"id":8,"date":"2015-09-03T20:54:44","date_gmt":"2015-09-03T20:54:44","guid":{"rendered":"http:\/\/katolicka-gimnazija.hr\/?page_id=8"},"modified":"2023-02-02T11:43:52","modified_gmt":"2023-02-02T11:43:52","slug":"djelatnici-i-kontakti","status":"publish","type":"page","link":"https:\/\/katolicka-gimnazija.hr\/index.php\/o-skoli\/djelatnici-i-kontakti\/","title":{"rendered":"Djelatnici i kontakti"},"content":{"rendered":"<p>&nbsp;<\/p>\n<section id=\"employees\" class=\"employees-area\">\n<h3 class=\"widget-title\"><span class=\"wow bounce\">Djelatnici<\/span><\/h3>\n<p><img decoding=\"async\" class=\"employee-photo wow zoomInDown\" src=\"http:\/\/katolicka-gimnazija.hr\/wp-content\/uploads\/2015\/09\/Cistacica.jpg\" alt=\"Mateja Drinovac\" \/><\/p>\n<h4 class=\"employee-name wow fadeInUp\">Mateja Drinovac<\/h4>\n<p><span class=\"employee-position wow fadeInUp\">Sprema\u010dica<\/span><\/p>\n<p><img decoding=\"async\" class=\"employee-photo wow zoomInDown\" src=\"http:\/\/katolicka-gimnazija.hr\/wp-content\/uploads\/2015\/09\/Vlado.jpg\" alt=\"Vlado Bo\u0161njakovi\u0107\" \/><\/p>\n<h4 class=\"employee-name wow fadeInUp\">Vlado Bo\u0161njakovi\u0107<\/h4>\n<p><span class=\"employee-position wow fadeInUp\">Domar<\/span><\/p>\n<p><img decoding=\"async\" class=\"employee-photo wow zoomInDown\" src=\"http:\/\/katolicka-gimnazija.hr\/wp-content\/uploads\/2015\/09\/Nena-Svjetli--ic.jpg\" alt=\"Nena Svjetli\u010di\u0107\" \/><\/p>\n<h4 class=\"employee-name wow fadeInUp\">Nena Svjetli\u010di\u0107<\/h4>\n<p><span class=\"employee-position wow fadeInUp\">Sprema\u010dica<\/span><\/p>\n<p><img decoding=\"async\" class=\"employee-photo wow zoomInDown\" src=\"http:\/\/katolicka-gimnazija.hr\/wp-content\/uploads\/2015\/09\/Kristina-Bratic.jpg\" alt=\"Kristina Brati\u0107\" \/><\/p>\n<h4 class=\"employee-name wow fadeInUp\">Kristina Brati\u0107<\/h4>\n<p><span class=\"employee-position wow fadeInUp\">Tajni\u0161tvo<\/span><\/p>\n<p><img decoding=\"async\" class=\"employee-photo wow zoomInDown\" src=\"http:\/\/katolicka-gimnazija.hr\/wp-content\/uploads\/2015\/09\/Elizabeta-engelman.jpg\" alt=\"Elizabeta Engelman\" \/><\/p>\n<h4 class=\"employee-name wow fadeInUp\">Elizabeta Engelman<\/h4>\n<p><span class=\"employee-position wow fadeInUp\">Ra\u010dunovodstvo<\/span><\/p>\n<p><img decoding=\"async\" class=\"employee-photo wow zoomInDown\" src=\"http:\/\/katolicka-gimnazija.hr\/wp-content\/uploads\/2015\/09\/Milena---koda.jpg\" alt=\"Milena \u0160koda\" \/><\/p>\n<h4 class=\"employee-name wow fadeInUp\">Milena \u0160koda<\/h4>\n<p><span class=\"employee-position wow fadeInUp\">Prof. njema\u010dkog jezika i geografije<\/span><\/p>\n<p><img decoding=\"async\" class=\"employee-photo wow zoomInDown\" src=\"http:\/\/katolicka-gimnazija.hr\/wp-content\/uploads\/2015\/09\/Katarina-Soldo.jpg\" alt=\"Katarina Soldo Obu\u0107ina\" \/><\/p>\n<h4 class=\"employee-name wow fadeInUp\">Katarina Soldo Obu\u0107ina<\/h4>\n<p><span class=\"employee-position wow fadeInUp\">Prof. matematike<\/span><\/p>\n<p><img decoding=\"async\" class=\"employee-photo wow zoomInDown\" src=\"http:\/\/katolicka-gimnazija.hr\/wp-content\/uploads\/2015\/09\/Mario-Ragu--.jpg\" alt=\"Mario Ragu\u017e\" \/><\/p>\n<h4 class=\"employee-name wow fadeInUp\">Mario Ragu\u017e<\/h4>\n<p><span class=\"employee-position wow fadeInUp\">Prof. tjelesne i zdravstvene kulture<\/span><\/p>\n<p><img decoding=\"async\" class=\"employee-photo wow zoomInDown\" src=\"http:\/\/katolicka-gimnazija.hr\/wp-content\/uploads\/2015\/09\/Sanja-Pr--a.jpg\" alt=\"Sanja Pr\u0161a\" \/><\/p>\n<h4 class=\"employee-name wow fadeInUp\">Sanja Pr\u0161a<\/h4>\n<p><span class=\"employee-position wow fadeInUp\">Prof. matematike i informatike<\/span><\/p>\n<p><img decoding=\"async\" class=\"employee-photo wow zoomInDown\" src=\"http:\/\/katolicka-gimnazija.hr\/wp-content\/uploads\/2015\/09\/Marijan-Pavelic.jpg\" alt=\"Marijan Paveli\u0107\" \/><\/p>\n<h4 class=\"employee-name wow fadeInUp\">Marijan Paveli\u0107<\/h4>\n<p><span class=\"employee-position wow fadeInUp\">Vjerou\u010ditelj<\/span><\/p>\n<p><img decoding=\"async\" class=\"employee-photo wow zoomInDown\" src=\"http:\/\/katolicka-gimnazija.hr\/wp-content\/uploads\/2015\/09\/Jasna-Prnjavorac.jpg\" alt=\"Jasna Prnjavorac\" \/><\/p>\n<h4 class=\"employee-name wow fadeInUp\">Jasna Prnjavorac<\/h4>\n<p><span class=\"employee-position wow fadeInUp\">Prof. biologije i kemije<\/span><\/p>\n<p><img decoding=\"async\" class=\"employee-photo wow zoomInDown\" src=\"http:\/\/katolicka-gimnazija.hr\/wp-content\/uploads\/2015\/09\/Miroslav-Paulic.jpg\" alt=\"Miroslav Pauli\u0107\" \/><\/p>\n<h4 class=\"employee-name wow fadeInUp\">Miroslav Pauli\u0107<\/h4>\n<p><span class=\"employee-position wow fadeInUp\">Prof. hrvatskog jezika<\/span><\/p>\n<p><img decoding=\"async\" class=\"employee-photo wow zoomInDown\" src=\"http:\/\/katolicka-gimnazija.hr\/wp-content\/uploads\/2015\/09\/Grcki.jpg\" alt=\"Nada Lodeta\" \/><\/p>\n<h4 class=\"employee-name wow fadeInUp\">Nada Lodeta<\/h4>\n<p><span class=\"employee-position wow fadeInUp\">Prof. latinskog i gr\u010dkog jezika<\/span><\/p>\n<p><img decoding=\"async\" class=\"employee-photo wow zoomInDown\" src=\"http:\/\/katolicka-gimnazija.hr\/wp-content\/uploads\/2015\/09\/Josip-Katic.jpg\" alt=\"Josip Kati\u0107\" \/><\/p>\n<h4 class=\"employee-name wow fadeInUp\">Josip Kati\u0107<\/h4>\n<p><span class=\"employee-position wow fadeInUp\">Prof. povijesti i geografije<\/span><\/p>\n<p><img decoding=\"async\" class=\"employee-photo wow zoomInDown\" src=\"http:\/\/katolicka-gimnazija.hr\/wp-content\/uploads\/2015\/09\/Leonardo---akovic.jpg\" alt=\"Leonardo \u0110akovi\u0107\" \/><\/p>\n<h4 class=\"employee-name wow fadeInUp\">Leonardo \u0110akovi\u0107<\/h4>\n<p><span class=\"employee-position wow fadeInUp\">Prof. fizike i matematike<\/span><\/p>\n<p><img decoding=\"async\" class=\"employee-photo wow zoomInDown\" src=\"http:\/\/katolicka-gimnazija.hr\/wp-content\/uploads\/2015\/09\/Vera-Abramovic.jpg\" alt=\"Vera \u0106u\u017ee-Abramovi\u0107\" \/><\/p>\n<h4 class=\"employee-name wow fadeInUp\">Vera \u0106u\u017ee-Abramovi\u0107<\/h4>\n<p><span class=\"employee-position wow fadeInUp\">Prof. likovne umjetnosti<\/span><\/p>\n<p><img decoding=\"async\" class=\"employee-photo wow zoomInDown\" src=\"http:\/\/katolicka-gimnazija.hr\/wp-content\/uploads\/2015\/09\/Stefan-Bunjevac.jpg\" alt=\"Stefan Bunjevac\" \/><\/p>\n<h4 class=\"employee-name wow fadeInUp\">Stefan Bunjevac<\/h4>\n<p><span class=\"employee-position wow fadeInUp\">Prof. logike, sociologije, filozofije i politike i gospodarstva<\/span><\/p>\n<p><img decoding=\"async\" class=\"employee-photo wow zoomInDown\" src=\"http:\/\/katolicka-gimnazija.hr\/wp-content\/uploads\/2015\/09\/Nikolina-Bodolovic.jpg\" alt=\"Nikolina Bodolovi\u0107\" \/><\/p>\n<h4 class=\"employee-name wow fadeInUp\">Nikolina Bodolovi\u0107<\/h4>\n<p><span class=\"employee-position wow fadeInUp\">Psiholog i prof. psihologije<\/span><\/p>\n<p><img decoding=\"async\" class=\"employee-photo wow zoomInDown\" src=\"http:\/\/katolicka-gimnazija.hr\/wp-content\/uploads\/2015\/09\/Ivica-Bedeni--ic.jpg\" alt=\"Ivan Bedeni\u010di\u0107\" \/><\/p>\n<h4 class=\"employee-name wow fadeInUp\">Ivan Bedeni\u010di\u0107<\/h4>\n<p><span class=\"employee-position wow fadeInUp\">Ravnatelj<\/span><\/p>\n<p><img decoding=\"async\" class=\"employee-photo wow zoomInDown\" src=\"http:\/\/katolicka-gimnazija.hr\/wp-content\/uploads\/2015\/09\/Frano-Bari--ic.jpg\" alt=\"Frano Bari\u0161i\u0107\" \/><\/p>\n<h4 class=\"employee-name wow fadeInUp\">Frano Bari\u0161i\u0107<\/h4>\n<p><span class=\"employee-position wow fadeInUp\">Prof. biologije<\/span><\/p>\n<p><img decoding=\"async\" class=\"employee-photo wow zoomInDown\" src=\"http:\/\/katolicka-gimnazija.hr\/wp-content\/uploads\/2015\/09\/Marijana-Corluka.jpg\" alt=\"Marijana \u0106orluka\" \/><\/p>\n<h4 class=\"employee-name wow fadeInUp\">Marijana \u0106orluka<\/h4>\n<p><span class=\"employee-position wow fadeInUp\">Prof. hrvatskog jezika<\/span><\/p>\n<\/section>\n","protected":false},"excerpt":{"rendered":"<p>&nbsp; Djelatnici Mateja Drinovac Sprema\u010dica Vlado Bo\u0161njakovi\u0107 Domar Nena Svjetli\u010di\u0107 Sprema\u010dica Kristina Brati\u0107 Tajni\u0161tvo Elizabeta Engelman Ra\u010dunovodstvo Milena \u0160koda Prof. njema\u010dkog jezika i geografije Katarina Soldo Obu\u0107ina Prof. matematike Mario Ragu\u017e Prof. tjelesne i zdravstvene kulture Sanja Pr\u0161a Prof. matematike i informatike Marijan Paveli\u0107 Vjerou\u010ditelj Jasna Prnjavorac Prof. biologije i kemije Miroslav Pauli\u0107 Prof. hrvatskog [&hellip;]<\/p>\n","protected":false},"author":1,"featured_media":0,"parent":6,"menu_order":0,"comment_status":"closed","ping_status":"closed","template":"","meta":{"footnotes":""},"class_list":["post-8","page","type-page","status-publish","hentry"],"_links":{"self":[{"href":"https:\/\/katolicka-gimnazija.hr\/index.php\/wp-json\/wp\/v2\/pages\/8","targetHints":{"allow":["GET"]}}],"collection":[{"href":"https:\/\/katolicka-gimnazija.hr\/index.php\/wp-json\/wp\/v2\/pages"}],"about":[{"href":"https:\/\/katolicka-gimnazija.hr\/index.php\/wp-json\/wp\/v2\/types\/page"}],"author":[{"embeddable":true,"href":"https:\/\/katolicka-gimnazija.hr\/index.php\/wp-json\/wp\/v2\/users\/1"}],"replies":[{"embeddable":true,"href":"https:\/\/katolicka-gimnazija.hr\/index.php\/wp-json\/wp\/v2\/comments?post=8"}],"version-history":[{"count":7,"href":"https:\/\/katolicka-gimnazija.hr\/index.php\/wp-json\/wp\/v2\/pages\/8\/revisions"}],"predecessor-version":[{"id":19989,"href":"https:\/\/katolicka-gimnazija.hr\/index.php\/wp-json\/wp\/v2\/pages\/8\/revisions\/19989"}],"up":[{"embeddable":true,"href":"https:\/\/katolicka-gimnazija.hr\/index.php\/wp-json\/wp\/v2\/pages\/6"}],"wp:attachment":[{"href":"https:\/\/katolicka-gimnazija.hr\/index.php\/wp-json\/wp\/v2\/media?parent=8"}],"curies":[{"name":"wp","href":"https:\/\/api.w.org\/{rel}","templated":true}]}}